+ 4*y. Suppose 0 = -19*c - 4 + i. What is the greatest common factor of c and 87?
3
Let d = 2486 + -2364. Calculate the highest common factor of 7808 and d.
122
Let a(z) = z**3 + 117*z**2 - 802*z + 2. Let n be a(7). What is the greatest common factor of 768 and n?
16
Suppose -5*b + 3*b + 4 = 0. Suppose 7*r + 5*w = 8*r - 13, 4 = 2*r + w. Let o be ((-1)/r)/(b/(-390)). Calculate the greatest common factor of 39 and o.
13
Let z(k) = k**2 + 3. Let h be z(-5). Let r be 4*-10*5/(-40). Suppose -170 = -2*i + o, -2*i + 88 = r*o - 70. What is the greatest common factor of h and i?
28
Let j(p) = -6*p - 10. Let z be j(-8). Let f = 420 - 398. Let q = z - f. Calculate the greatest common factor of 4 and q.
4
Let v be (-10107 + -1)*(9 + 209/(-22)). Calculate the highest common factor of 21 and v.
7
Let g = 5312 - 3767. Calculate the highest common divisor of g and 75.
15
Let y = 33 + -97. Suppose 18 - 100 = i. Let s = y - i. Calculate the highest common factor of s and 6.
6
Suppose 17 - 9 = 2*s. Suppose 0 = 4*n + 3*l - s - 11, 0 = -4*n + 4*l + 8. Let g(o) = -17*o. Let b be g(-3). What is the greatest common divisor of b and n?
3
Let o be (-5682)/10 + (-6)/(-30) - 2. Let s = 1170 + o. Suppose -y - s = -9*y. Calculate the greatest common divisor of 25 and y.
25
Let z = 5860 - 5804. What is the greatest common divisor of 203 and z?
7
Suppose -571 = 11*z - 35*z + 509. Calculate the greatest common factor of z and 14265.
45
Let z(w) = 295*w - 21. Let o be z(1). Suppose 4*r = 1 + 7, -4*m + r = -o. Calculate the highest common factor of 3 and m.
3
Let b = -43 - -60. Suppose -7 = -6*o + b. Suppose 16 - o = 2*m. Calculate the highest common factor of m and 3.
3
Let d be (-26 - -20) + -9 - -17. What is the highest common divisor of 4598 and d?
2
Let y = -1766 - -2614. Calculate the highest common factor of y and 288.
16
Let i(a) be the second derivative of a**4/6 + a**3 + 5*a**2/2 - 18*a - 1. Let u be i(-3). Calculate the highest common factor of u and 45.
5
Suppose 519 = 5*i + 3*b, -319 = -5*i + 2*i + 2*b. What is the greatest common divisor of i and 245?
35
Suppose 5*g = -3*k + 1991 - 771, -k + 409 = 4*g. Calculate the highest common factor of 2 and k.
1
Suppose -2*b - j + 2*j + 4 = 0, -2*b + 12 = -5*j. Let h = -67 - b. Let u = h - -94. Calculate the highest common divisor of u and 65.
13
Suppose 720 = -2626*z + 2641*z. Calculate the highest common factor of z and 12.
12
Suppose 150*k = 1947596 - 342446. What is the greatest common factor of k and 41?
41
Let u = -12787 + 23532. What is the greatest common factor of 35 and u?
35
Suppose y - 2*r - 1 = 0, 4*y + 5*r = 6*y - 2. Let x be ((-66)/132)/(-2*y/64). Calculate the greatest common divisor of 256 and x.
16
Let g = 2043 + -361. Let j be g/15 - (-50)/(-375). What is the highest common factor of j and 16?
16
Let b(c) = -c**2 + 14*c. Let x be b(6). Let w(m) = -m**3 - 8*m**2 - 21*m - 8. Let k be w(-4). What is the greatest common factor of k and x?
12
Let t(w) = 2*w**3 + 98*w**2 + 184*w - 176. Let o be t(-47). What is the greatest common factor of 3548 and o?
4
Let t = 28214 + -10021. Calculate the highest common divisor of t and 113.
113
Let j(r) = -3*r**3 - 2*r**2 + r + 4. Suppose 15*t - 4 = 17*t. Let q be j(t). Calculate the highest common divisor of 396 and q.
18
Suppose 5 = 2*v - v. Suppose -5 = 5*x - 5*o, -v*o = x - 8 - 15. Suppose 3*f = -5*s - 0*f + 169, -s = -x*f - 41. What is the highest common factor of 14 and s?
7
Let h be ((-8)/(-6) - 100/(-15)) + (1298 - -14). What is the highest common factor of 275 and h?
55
Suppose 5*x - 1216 = -w, x = 4*x - w - 736. Suppose 10*c - 6*c = -h + 73, -c - 180 = -3*h. Calculate the highest common divisor of x and h.
61
Let i be 59900/1250 + 6/75. Let k = 415 - 187. Suppose -3*b = -588 + k. Calculate the highest common divisor of i and b.
24
Let h be -12 + (-750)/(-22) - 2/22. Let k = -7 - -12. Suppose -4*v = 0, z - 3*z = -k*v - 88. Calculate the highest common factor of h and z.
22
Suppose -1 = -3*d - 4. Let q be 155/5 - (d - -1). Let u(w) = 13*w**2 - 11*w - 4. Let i be u(-4). What is the greatest common divisor of q and i?
31
Let m = 10011 - 4341. Calculate the highest common factor of 5 and m.
5
Let h = -1860 - -3285. Calculate the greatest common divisor of 675 and h.
75
Suppose 53 = 5*t + 3*b, 2*t - 4*b = b + 15. Calculate the greatest common divisor of t and 7570.
10
Suppose 157*o + 2075 = 160*o - 4*y, 3*o + 3*y = 2040. Calculate the greatest common divisor of o and 5.
5
Let f(k) = -2*k**3 - 24*k**2 + 17*k - 58. Let b be f(-13). Calculate the highest common factor of b and 59.
59
Let l(m) = -25*m**2 + 4*m + 20*m**2 + 1 + 1 - m**3. Let n be l(-6). Let i(a) = 4*a**2 - a + 3. Let y be i(5). Calculate the greatest common factor of y and n.
14
Let v = -137 - -225. Let z(h) be the first derivative of h**4/2 - h**3 + 4*h - 15. Let a be z(2). Calculate the highest common factor of a and v.
8
Suppose -7*s + 3*s = -3*w - 49, 4*w - s = -48. Let o be 44/w*((-47)/4 - 0). Let l = o - 14. What is the highest common factor of 132 and l?
33
Suppose -c - 8133 = -5*h - 2915, 0 = 2*h + 4*c - 2096. What is the highest common divisor of 144 and h?
36
Let u(o) = o**3 - 6*o**2 + 5*o + 7. Suppose 12*k - 83 - 49 = 0. Let f be u(k). Calculate the highest common factor of 29 and f.
29
Suppose 37*o - 25482 = 30166. What is the greatest common factor of 112 and o?
16
Suppose -2*t - g = -1884, t - 193*g + 188*g = 942. What is the highest common divisor of t and 21?
3
Let l = -875 - -870. Let d be (-9*3/(-36))/(l/(-480)). Calculate the highest common divisor of d and 63.
9
Let z(a) = a**3 + 17*a**2 + 14*a - 25. Let n be z(-16). Suppose -m + 32 = 5*i, -3*m - 3*i = -55 + n. Calculate the greatest common factor of 132 and m.
12
Let m(n) = -n - 102 + 7*n - 2*n. Let b be m(43). Calculate the greatest common divisor of 315 and b.
35
Let g(n) = 9*n + 414. Let s be g(-44). Let b = 3399 - 1581. Calculate the highest common factor of b and s.
18
Suppose 0 = 2*n + 5*y - 26, 3*y + y = -2*n + 28. Let u = -248 - -699. Let l = -433 + u. Calculate the highest common divisor of n and l.
18
Let w = -1582 + 2202. What is the highest common factor of 50 and w?
10
Suppose -1029*p + 1439 = 2*x - 1028*p, 3601 = 5*x - p. Calculate the greatest common factor of 1215 and x.
45
Let w be ((-35)/(-4))/((-60)/(-16) - 4). Let j = -31 - w. Suppose -j*c = 4*c - 256. What is the highest common divisor of c and 8?
8
Let b(k) = k**3 + 8*k**2 - 8*k + 3. Let l be b(-9). Let t(f) = -f**3 - 3*f**2 - 7*f - 10. Let n be t(l). Calculate the highest common divisor of n and 35.
35
Suppose -10*t + 3 = -11*t, -3*t = -f + 978. What is the greatest common factor of 136 and f?
17
Let l(s) = -2*s**3 - 77*s**2 + 204*s + 114. Let c be l(-41). What is the highest common divisor of 20 and c?
5
Suppose -l + 22 = -f + 5, 2*l - 14 = -3*f. What is the highest common factor of 1 and l?
1
Suppose -g + 14 + 28 = 0. Let b be ((-216)/g)/((-6)/28). What is the greatest common factor of b and 24?
24
Let p be (-2 - 1155/(-1 - -12))*7/(-1). Calculate the greatest common divisor of 107 and p.
107
Suppose 1759 = 8*p - 353. Let s be (1/4)/(3/p). Calculate the highest common factor of 352 and s.
22
Suppose 7*n = -n + 6*n + 16. What is the greatest common divisor of n and 1096?
8
Suppose -6*o - 4*j - 22 = -9*o, 0 = -4*o - 4*j + 20. Suppose -7*i = -6*i - 126. Calculate the greatest common factor of o and i.
6
Suppose 4*q - 5*b + 2*b = 1492, 0 = -3*q - b + 1106. Let j = -310 + q. What is the highest common divisor of j and 30?
30
Let s(z) = z**3 + 7*z**2 + 7*z + 4. Let i be s(-2). Let j = -8 + 53. Calculate the highest common factor of i and j.
5
Let s be ((-10)/((-220)/(-143)) - -6)/(1/(-222)). Calculate the greatest common factor of s and 14763.
111
Suppose 5*t + 4*s - 120 = 0, 13 + 12 = 2*t - 3*s. Let m be 4/t + 33/(-15). Let g = m - -50. Calculate the greatest common factor of g and 72.
24
Suppose -16*x = -9*x + 56. Let r be 24/((-48)/x)*(0 + 1). Suppose -2*f + f + 3*l = -12, r*l + 56 = 3*f. Calculate the highest common divisor of 108 and f.
12
Suppose 0 = d - 6*d + 15. Let h be (71 - d/(-1)) + 1. Suppose 19*o = -218 + 397 + 771. What is the greatest common divisor of o and h?
25
Suppose 4*b - 10 = 5*d, -12 = -4*b - 3*d + 7*d. Suppose -r + 3 = 5, 32 = b*g - r. Calcul